n factor of 1556 and 25504396.
1556
Calculate the highest common divisor of 7095 and 10792785.
645
What is the highest common factor of 3363199 and 2337746?
7171
What is the highest common factor of 355248834 and 1506?
1506
Calculate the highest common factor of 20676 and 11064.
12
What is the highest common divisor of 5 and 1333964240?
5
Calculate the highest common factor of 18468 and 2140388.
76
Calculate the greatest common factor of 3164 and 1369396.
28
Calculate the greatest common divisor of 2 and 16306.
2
What is the highest common factor of 13 and 1615400475?
13
Calculate the greatest common divisor of 889820 and 580.
20
What is the highest common divisor of 42 and 27345801?
21
What is the greatest common divisor of 9993314 and 238?
34
Calculate the greatest common divisor of 27429048 and 40.
8
What is the greatest common factor of 4221 and 943159?
469
Calculate the highest common factor of 26 and 647097802.
26
What is the highest common divisor of 7334608 and 4628704?
6992
Calculate the greatest common factor of 142846 and 10102202.
3322
Calculate the highest common factor of 19969 and 4655.
19
What is the highest common divisor of 1257 and 4888054?
419
Calculate the highest common divisor of 2538 and 15330789.
1269
Calculate the highest common factor of 240 and 35723920.
80
What is the greatest common divisor of 12814 and 99502?
86
What is the greatest common divisor of 17224 and 4247869?
2153
Calculate the greatest common factor of 6457296 and 4002.
138
What is the greatest common divisor of 323358464 and 1040?
208
What is the highest common factor of 261 and 235075131?
261
What is the greatest common factor of 22997601 and 954?
477
What is the greatest common divisor of 100233689 and 97?
97
Calculate the highest common divisor of 118048596 and 848.
212
Calculate the highest common factor of 3436 and 7790271.
859
What is the highest common factor of 81484 and 5172667?
1567
Calculate the highest common factor of 132 and 34243.
11
Calculate the greatest common divisor of 8 and 116449888.
8
Calculate the greatest common factor of 117 and 15786537.
39
Calculate the greatest common divisor of 147828 and 23876.
508
Calculate the greatest common divisor of 4720 and 191120470.
590
Calculate the highest common factor of 630119703 and 53.
53
Calculate the greatest common factor of 4590302 and 282752.
4418
What is the highest common factor of 142701 and 2754?
3
What is the greatest common divisor of 360 and 50598360?
360
Calculate the greatest common factor of 4716591 and 20163.
1551
What is the greatest common divisor of 63 and 14646912?
21
Calculate the highest common divisor of 340 and 240535.
5
What is the greatest common factor of 22659 and 21504?
21
What is the greatest common divisor of 28 and 22119860?
28
What is the greatest common divisor of 3106218 and 61774?
922
What is the highest common factor of 2551 and 796705361?
2551
What is the highest common factor of 18898068 and 6?
6
Calculate the highest common divisor of 70836404 and 2316.
772
Calculate the greatest common divisor of 5395 and 19630.
65
Calculate the greatest common factor of 539046 and 7.
1
What is the greatest common divisor of 23800 and 11944?
8
Calculate the greatest common divisor of 326124 and 175572.
36
Calculate the highest common divisor of 619522956 and 4797.
4797
Calculate the greatest common factor of 228 and 6041532.
12
What is the highest common factor of 148627991 and 34?
17
Calculate the highest common divisor of 18393406 and 608.
38
Calculate the greatest common factor of 1564 and 2172277.
17
What is the greatest common factor of 216198657 and 28584?
3573
What is the highest common factor of 109890074 and 102?
34
Calculate the highest common divisor of 1440027 and 57276.
387
Calculate the greatest common divisor of 47641549 and 301.
43
What is the highest common divisor of 7548762 and 624?
78
Calculate the greatest common divisor of 2612050 and 5236.
238
Calculate the greatest common divisor of 11075592 and 60.
12
What is the highest common divisor of 112877624 and 16?
8
Calculate the highest common divisor of 1131 and 617513.
13
What is the highest common divisor of 190 and 472620?
10
Calculate the highest common factor of 180120692 and 542.
542
What is the highest common divisor of 2966886 and 143?
13
What is the highest common divisor of 233604 and 100926?
1134
Calculate the greatest common factor of 17016 and 21954.
6
What is the greatest common divisor of 9351 and 1368?
9
Calculate the greatest common divisor of 16094 and 2899.
13
What is the greatest common divisor of 166218772 and 4?
4
What is the greatest common factor of 1788866 and 1662?
554
Calculate the greatest common factor of 12965935 and 5.
5
Calculate the greatest common factor of 135 and 488535.
15
What is the greatest common divisor of 384 and 1608450?
6
What is the highest common divisor of 3691872 and 6102?
54
What is the greatest common divisor of 11124 and 53028?
108
Calculate the greatest common divisor of 14717682 and 103887.
1071
What is the greatest common factor of 71839 and 1558437?
361
What is the greatest common factor of 6797030 and 730?
730
Calculate the highest common factor of 238 and 264754.
14
What is the highest common divisor of 14385 and 39552?
3
Calculate the highest common factor of 1675180 and 949.
13
What is the greatest common factor of 13926473 and 22?
11
Calculate the highest common factor of 5921 and 54965407.
191
Calculate the highest common factor of 65773008 and 60.
12
What is the highest common divisor of 29514470 and 3277?
113
What is the greatest common factor of 28582077 and 138?
69
Calculate the greatest common factor of 18704 and 823312.
112
Calculate the highest common divisor of 1093 and 10626146.
1093
What is the greatest common divisor of 9037446 and 6991974?
9834
What is the highest common factor of 192063 and 2263?
73
Calculate the greatest common divisor of 15704 and 1140805.
151
What is the greatest common factor of 38969 and 224371?
133
Calculate the highest common divisor of 233158093 and 1337.
1337
What is the highest common factor of 197276445 and 7923?
417
Calculate the highest common factor of 462 and 609378.
462
Calculate the highest common divisor of 37801253 and 20251.
1841
Calculate the highest common factor of 1327153 and 5587.
37
Calculate the greatest common factor of 9 and 35021583.
9
What is the highest common factor of 28215878 and 801562?
4478
What is the highest common divisor of 29464 and 441621164?
14732
Calculate the highest common divisor of 2499 and 508249119.
2499
Calculate the highest common divisor of 338 and 5315106446.
338
Calculate the highest common divisor of 4996206 and 54.
18
Calculate the highest common divisor of 1496583 and 4653.
99
What is the highest common divisor of 1005514 and 3864?
46
What is the highest common factor of 958493 and 703?
19
What is the greatest common divisor of 21770184 and 928?
232
What is the highest common factor of 117562101 and 57?
57
What is the greatest common divisor of 183 and 46893811?
61
What is the highest common factor of 67 and 170048077?
67
What is the greatest common factor of 1677 and 3154658364?
1677
Calculate the highest common divisor of 206219440 and 56.
56
What is the highest common factor of 13070 and 255050?
10
What is the highest common factor of 4379 and 1010737?
29
Calculate the greatest common divisor of 8639013 and 44799.
327
What is the greatest common factor of 68 and 724128?
4
What is the highest common divisor of 114 and 240666388?
38
Calculate the highest common factor of 5528519 and 1343.
17
What is the greatest common divisor of 15463296 and 1116?
1116
What is the greatest common divisor of 23 and 25635892?
23
What is the highest common factor of 15667580 and 40?
20
What is the greatest common divisor of 6550905 and 45?
15
Calculate the greatest common divisor of 294 and 233256093.
21
Calculate the highest common divisor of 232 and 80861272.
8
Calculate the highest common factor of 11590062 and 3618.
402
Calculate the greatest common factor of 28712981 and 21208.
2651
What is the greatest common factor of 8580512 and 2176?
544
Calculate the highest common factor of 14201 and 42888311.
1291
What is the greatest common divisor of 710 and 34747